{"id":76,"date":"2015-10-19T21:39:57","date_gmt":"2015-10-19T19:39:57","guid":{"rendered":"http:\/\/localhost\/wordpress\/?page_id=76"},"modified":"2025-11-09T23:52:31","modified_gmt":"2025-11-09T22:52:31","slug":"cronoloxia","status":"publish","type":"page","link":"https:\/\/www.montesdorosal.com\/index.php\/o-noso-monte\/cronoloxia\/","title":{"rendered":"Da terra compartida \u00e1 Comunidade"},"content":{"rendered":"<h3>MONTE COMUNAL DO ROSAL:<\/h3>\n<p><strong>O<\/strong> proceso hist\u00f3rico do monte comunal -ou bald\u00edo- da parroquia do<em> Rosal<\/em>, como os dem\u00e1is do seu entorno, non tivo, ate o proceso desamortizador de Madoz, interferencias not\u00e1beis no seu devir. \u00c9 co inicio dese per\u00edodo, por mediados do s\u00e9culo XIX cando a presi\u00f3n que comezan a exercer sobre el, tanto a administraci\u00f3n do estado, -coa posibilidade de venda a particulares- como a dos propios intentos individuais de apropi\u00e1rense de partes integrantes do mesmo, derivan na s\u00faa defensa baseada sempre na imperiosa necesidade que deles te\u00f1en o <em>\u201ccom\u00fan dos veci\u00f1os\u201d<\/em>.<\/p>\n<p><strong>X<\/strong>a en 1885, o recente creado concello do <em>Rosal<\/em> vese na obriga de abrir expedientes contra alg\u00fans individuos por apropi\u00e1rense de bouzas no comunal, xustific\u00e1ndose o seu inmemorial aproveitamento.<\/p>\n<p><strong>E<\/strong>n 1862 ante o empuxe do intento desamortizador, os rexedores municipais acordan a s\u00faa non inclusi\u00f3n no cat\u00e1logo de montes a allear, solicitando diante a <em>Deputaci\u00f3n de Pontevedra<\/em> o correspondente expediente de excepci\u00f3n de vendas. Esta circunstancia deu lugar a que anos m\u00e1is tarde se realizase o primeiro deslinde dos montes veci\u00f1ais do Concello, executando a instancias da corporaci\u00f3n municipal en 1889, catal\u00f3ganse 2.128 hect\u00e1reas en todo o concello.<\/p>\n<p><strong>E<\/strong>n base a ese documento p\u00f3dese afirmar a escasa masa forestal que daquela soportaba a monte -199 ha., menos do 10% do total- contra a frote presi\u00f3n agr\u00edcola-gandeira -40 casetas para gardar gando dentro do per\u00edmetro do monte-. Not\u00e1bel presentase o aproveitamento hidr\u00e1ulico dos seus cursos de auga, con 54 mu\u00ed\u00f1os fari\u00f1eiros e 4 serras dentro da s\u00faa area. No expediente faise un expreso reco\u00f1ecemento da dependencia exclusiva que os veci\u00f1os te\u00f1en do monte para poderen desenvolver a econom\u00eda agraria da que se sustenta.<\/p>\n<p><strong>N<\/strong>o obstante ao anterior, xa nos derradeiros anos do s\u00e9culo XIX, se aprecia un intento de repoboamento forestal, disposici\u00f3n de partidas orzamentarias do concello, que se ben reco\u00f1ece o monte como propiedade do com\u00fan dos veci\u00f1os tam\u00e9n o entende como de administraci\u00f3n municipal, e procede a realizaci\u00f3n de cortas de madeira e outras intervenci\u00f3ns pola s\u00faa contra.<\/p>\n<p><strong>C<\/strong>o inicio, xa en pleno s\u00e9culo XX, dunha pol\u00edtica estatal claramente forestalista, en 1917 aprobase a realizaci\u00f3n do deslinde oficial dos montes do concello, cumpr\u00edndose en parte de 1921 a 1925. Pero non ser\u00eda ate 1938, en plena guerra civil, cando se procede a repoboaci\u00f3n sistem\u00e1tica do monte, relegando os usos ate ese momento tradicionais a un plano secundario. Eses primeiros repoboamentos fanse no monte TORROSO, realiz\u00e1ndose por \u201cprestaci\u00f3n persoal\u201d dos veci\u00f1os.<\/p>\n<p><strong>E<\/strong>n 1942, as\u00ednase por parte das autoridades municipais, un consorcio co <em>Patrimonio Forestal do Estado<\/em> \u2013por un per\u00edodo de 50 anos- da parte a\u00ednda non forestada dos montes que converten as case 1.900 hect\u00e1reas de monte baixo que hab\u00eda no ano 1890, en plantaci\u00f3ns de <em>Pinus pinaster<\/em>, <em>Pinus radiata<\/em> e <em>Eucalyptus globulus<\/em>. Unicamente se respectan para uso gandeiro as elevadas pendentes da beiramar, por mor da gran dependencia econ\u00f3mica que dela te\u00f1en os veci\u00f1os do lugar. O concello seguiu mantendo en administraci\u00f3n directa a parte arborada que hab\u00eda ate o momento. Todas estas modificaci\u00f3ns nos aproveitamentos comunais deron como resultado a pr\u00e1ctica desaparici\u00f3n da gander\u00eda extensiva tradicional das aldeas da parroquia, salvo no referido ao gando cabalar ceibo que de xeito inmemorial ocupa \u00e9stes montes e do xa referido aproveitamento caprino das ladeiras do mar.<\/p>\n<p><strong>O<\/strong> deslinde iniciado en 1917 restablecese, dando lugar a dous montes de uso p\u00fablico, cos n\u00fameros 500 e 501, o primeiro todo el propiedade dos veci\u00f1os da parroquia do Rosal, mentres o segundo compartido co resto das parroquias do concello. O deslinde do monte LOUSADO, NI\u00d1O DO CORVO e outros, n\u00ba 501 foi aprobado en 1958, mentres que diversas vicisitudes impediron a aprobaci\u00f3n do deslinde do monte CAMPO DO COUTO, TORROSO e outros, n\u00ba 500 ate o ano 1969.<\/p>\n<p><strong>E<\/strong>n 1982 iniciase como en moitos outros lugares o proceso de recuperaci\u00f3n da propiedade comunal por parte dos veci\u00f1os e veci\u00f1as, ao amparo das novas leis de montes. En Outubro de 1984 o <em>Xurado Provincial de<\/em> <em>Montes<\/em> clasifica como monte veci\u00f1al en man com\u00fan da parroquia do<em> Rosal<\/em> 1.557 hect\u00e1reas, fac\u00e9ndose cargo do mesmo unha Xunta Rectora provisional, ate que en 1990 se constit\u00fae definitivamente a <strong>Comunidade de Montes do Rosal<\/strong>.<\/p>\n<p><strong>E<\/strong>n 1992 o vello consorcio asinado coa administraci\u00f3n transformase en convenio coa <em>Xunta de Galiza,<\/em> por un per\u00edodo de 25 anos, sendo aumentado ate as 870 hect\u00e1reas seguindo as restantes administradas directamente pola Comunidade.<\/p>\n<p>&nbsp; &nbsp; &nbsp; &nbsp; &nbsp; &nbsp; &nbsp; &nbsp; &nbsp; &nbsp; &nbsp; &nbsp; &nbsp; &nbsp; &nbsp; &nbsp; &nbsp; &nbsp; &nbsp; &nbsp; &nbsp; &nbsp; &nbsp; &nbsp; &nbsp; &nbsp; &nbsp; &nbsp; &nbsp; &nbsp; &nbsp; &nbsp; &nbsp; &nbsp; &nbsp; &nbsp; &nbsp; &nbsp; &nbsp; &nbsp; &nbsp; &nbsp; &nbsp; &nbsp; &nbsp; &nbsp; <img fetchpriority=\"high\" decoding=\"async\" class=\"wp-image-2814 alignright\" src=\"https:\/\/www.montesdorosal.com\/wp-content\/uploads\/2022\/01\/Logotipo-montes-O-Rosal-300x208.jpg\" alt=\"\" width=\"552\" height=\"382\" srcset=\"https:\/\/www.montesdorosal.com\/wp-content\/uploads\/2022\/01\/Logotipo-montes-O-Rosal-300x208.jpg 300w, https:\/\/www.montesdorosal.com\/wp-content\/uploads\/2022\/01\/Logotipo-montes-O-Rosal-1024x710.jpg 1024w, https:\/\/www.montesdorosal.com\/wp-content\/uploads\/2022\/01\/Logotipo-montes-O-Rosal-768x532.jpg 768w, https:\/\/www.montesdorosal.com\/wp-content\/uploads\/2022\/01\/Logotipo-montes-O-Rosal-1536x1064.jpg 1536w, https:\/\/www.montesdorosal.com\/wp-content\/uploads\/2022\/01\/Logotipo-montes-O-Rosal.jpg 1817w\" sizes=\"(max-width: 552px) 100vw, 552px\" \/><\/p>\n\n\n<p><\/p>\n","protected":false},"excerpt":{"rendered":"<p>MONTE COMUNAL DO ROSAL: O proceso hist\u00f3rico do monte comunal -ou bald\u00edo- da parroquia do Rosal, como os dem\u00e1is do seu entorno, non tivo, ate o proceso desamortizador de Madoz, interferencias not\u00e1beis no seu devir. \u00c9 co inicio dese per\u00edodo, por mediados do s\u00e9culo XIX cando a presi\u00f3n que comezan a exercer sobre el, tanto&hellip;&nbsp;<a href=\"https:\/\/www.montesdorosal.com\/index.php\/o-noso-monte\/cronoloxia\/\" rel=\"bookmark\"><span class=\"screen-reader-text\">Da terra compartida \u00e1 Comunidade<\/span><\/a><\/p>\n","protected":false},"author":1,"featured_media":0,"parent":3120,"menu_order":1,"comment_status":"closed","ping_status":"closed","template":"","meta":{"neve_meta_sidebar":"","neve_meta_container":"","neve_meta_enable_content_width":"","neve_meta_content_width":0,"neve_meta_title_alignment":"","neve_meta_author_avatar":"","neve_post_elements_order":"","neve_meta_disable_header":"","neve_meta_disable_footer":"","neve_meta_disable_title":"","ngg_post_thumbnail":0,"_kadence_starter_templates_imported_post":false,"footnotes":""},"class_list":["post-76","page","type-page","status-publish","hentry"],"_links":{"self":[{"href":"https:\/\/www.montesdorosal.com\/index.php\/wp-json\/wp\/v2\/pages\/76","targetHints":{"allow":["GET"]}}],"collection":[{"href":"https:\/\/www.montesdorosal.com\/index.php\/wp-json\/wp\/v2\/pages"}],"about":[{"href":"https:\/\/www.montesdorosal.com\/index.php\/wp-json\/wp\/v2\/types\/page"}],"author":[{"embeddable":true,"href":"https:\/\/www.montesdorosal.com\/index.php\/wp-json\/wp\/v2\/users\/1"}],"replies":[{"embeddable":true,"href":"https:\/\/www.montesdorosal.com\/index.php\/wp-json\/wp\/v2\/comments?post=76"}],"version-history":[{"count":28,"href":"https:\/\/www.montesdorosal.com\/index.php\/wp-json\/wp\/v2\/pages\/76\/revisions"}],"predecessor-version":[{"id":3118,"href":"https:\/\/www.montesdorosal.com\/index.php\/wp-json\/wp\/v2\/pages\/76\/revisions\/3118"}],"up":[{"embeddable":true,"href":"https:\/\/www.montesdorosal.com\/index.php\/wp-json\/wp\/v2\/pages\/3120"}],"wp:attachment":[{"href":"https:\/\/www.montesdorosal.com\/index.php\/wp-json\/wp\/v2\/media?parent=76"}],"curies":[{"name":"wp","href":"https:\/\/api.w.org\/{rel}","templated":true}]}}