{"id":959,"date":"2016-05-29T21:14:06","date_gmt":"2016-05-29T19:14:06","guid":{"rendered":"http:\/\/localhost\/wordpress\/?page_id=959"},"modified":"2025-11-11T20:59:14","modified_gmt":"2025-11-11T19:59:14","slug":"explotacion-gandeira-2","status":"publish","type":"page","link":"https:\/\/www.montesdorosal.com\/index.php\/explotacion-gandeira-2\/","title":{"rendered":"Cabras"},"content":{"rendered":"<p data-start=\"98\" data-end=\"440\">Na zona de San Xi\u00e1n puxemos en marcha un proxecto experimental cun reba\u00f1o de cabras co obxectivo de manter controlada unha \u00e1rea do monte especialmente dif\u00edcil de xestionar. Grazas ao seu pastoreo, estas cabras axudan a limpar o terreo e a reducir o risco de incendios, ao mesmo tempo que permiten obter un aproveitamento econ\u00f3mico sostible.<\/p>\n<p data-start=\"447\" data-end=\"676\">A trav\u00e9s deste sistema, buscamos rendibilizar a xesti\u00f3n do monte mediante a comercializaci\u00f3n de cabritos e abono natural, combinando o coidado do medio ambiente cunha actividade produtiva responsable e respectuosa coa natureza.<\/p>\n<p>&nbsp;<\/p>\n<h2><span style=\"color: #993366;\"><img fetchpriority=\"high\" decoding=\"async\" class=\"wp-image-2826 aligncenter\" src=\"https:\/\/www.montesdorosal.com\/wp-content\/uploads\/2022\/01\/CabrasCostaMar-300x169.jpg\" alt=\"\" width=\"633\" height=\"356\" srcset=\"https:\/\/www.montesdorosal.com\/wp-content\/uploads\/2022\/01\/CabrasCostaMar-300x169.jpg 300w, https:\/\/www.montesdorosal.com\/wp-content\/uploads\/2022\/01\/CabrasCostaMar-1024x576.jpg 1024w, https:\/\/www.montesdorosal.com\/wp-content\/uploads\/2022\/01\/CabrasCostaMar-768x432.jpg 768w, https:\/\/www.montesdorosal.com\/wp-content\/uploads\/2022\/01\/CabrasCostaMar-1536x864.jpg 1536w, https:\/\/www.montesdorosal.com\/wp-content\/uploads\/2022\/01\/CabrasCostaMar.jpg 2048w\" sizes=\"(max-width: 633px) 100vw, 633px\" \/> <\/span><\/h2>\n\n\n<p><\/p>\n\n\n\n<p><\/p>\n","protected":false},"excerpt":{"rendered":"<p>Na zona de San Xi\u00e1n puxemos en marcha un proxecto experimental cun reba\u00f1o de cabras co obxectivo de manter controlada unha \u00e1rea do monte especialmente dif\u00edcil de xestionar. Grazas ao seu pastoreo, estas cabras axudan a limpar o terreo e a reducir o risco de incendios, ao mesmo tempo que permiten obter un aproveitamento econ\u00f3mico&hellip;&nbsp;<a href=\"https:\/\/www.montesdorosal.com\/index.php\/explotacion-gandeira-2\/\" rel=\"bookmark\"><span class=\"screen-reader-text\">Cabras<\/span><\/a><\/p>\n","protected":false},"author":1,"featured_media":0,"parent":0,"menu_order":0,"comment_status":"closed","ping_status":"closed","template":"","meta":{"neve_meta_sidebar":"","neve_meta_container":"","neve_meta_enable_content_width":"","neve_meta_content_width":0,"neve_meta_title_alignment":"","neve_meta_author_avatar":"","neve_post_elements_order":"","neve_meta_disable_header":"","neve_meta_disable_footer":"","neve_meta_disable_title":"","ngg_post_thumbnail":0,"_kadence_starter_templates_imported_post":false,"footnotes":""},"class_list":["post-959","page","type-page","status-publish","hentry"],"_links":{"self":[{"href":"https:\/\/www.montesdorosal.com\/index.php\/wp-json\/wp\/v2\/pages\/959","targetHints":{"allow":["GET"]}}],"collection":[{"href":"https:\/\/www.montesdorosal.com\/index.php\/wp-json\/wp\/v2\/pages"}],"about":[{"href":"https:\/\/www.montesdorosal.com\/index.php\/wp-json\/wp\/v2\/types\/page"}],"author":[{"embeddable":true,"href":"https:\/\/www.montesdorosal.com\/index.php\/wp-json\/wp\/v2\/users\/1"}],"replies":[{"embeddable":true,"href":"https:\/\/www.montesdorosal.com\/index.php\/wp-json\/wp\/v2\/comments?post=959"}],"version-history":[{"count":15,"href":"https:\/\/www.montesdorosal.com\/index.php\/wp-json\/wp\/v2\/pages\/959\/revisions"}],"predecessor-version":[{"id":3206,"href":"https:\/\/www.montesdorosal.com\/index.php\/wp-json\/wp\/v2\/pages\/959\/revisions\/3206"}],"wp:attachment":[{"href":"https:\/\/www.montesdorosal.com\/index.php\/wp-json\/wp\/v2\/media?parent=959"}],"curies":[{"name":"wp","href":"https:\/\/api.w.org\/{rel}","templated":true}]}}